Convert 3 (base 10) to base 12.
3
Convert 417 (base 8) to base 15.
131
What is 19 (base 13) in base 4?
112
Convert -2 (base 4) to base 16.
-2
Convert -24 (base 14) to base 6.
-52
What is -e0 (base 15) in base 9?
-253
What is -10010 (base 2) in base 12?
-16
Convert 77 (base 11) to base 4.
1110
-4 (base 15) to base 5
-4
-9 (base 12) to base 7
-12
What is 0 (base 2) in base 12?
0
Convert -3 (base 14) to base 5.
-3
Convert 5 (base 12) to base 3.
12
Convert 100 (base 5) to base 8.
31
What is -5 (base 11) in base 4?
-11
240 (base 6) to base 16
60
What is -6 (base 14) in base 7?
-6
-33 (base 8) to base 3
-1000
What is -11 (base 5) in base 13?
-6
-6a (base 15) to base 9
-121
Convert -10 (base 6) to base 15.
-6
52 (base 10) to base 6
124
Convert 105 (base 15) to base 5.
1410
Convert -11 (base 10) to base 4.
-23
Convert -135 (base 6) to base 12.
-4b
Convert -2 (base 9) to base 11.
-2
3 (base 15) to base 9
3
331 (base 4) to base 11
56
What is -11 (base 9) in base 10?
-10
0 (base 2) to base 8
0
-303 (base 5) to base 4
-1032
Convert 7 (base 8) to base 4.
13
6 (base 9) to base 13
6
Convert -10101 (base 2) to base 15.
-16
Convert -24 (base 7) to base 5.
-33
What is -36 (base 11) in base 12?
-33
What is -4 (base 7) in base 14?
-4
What is 0 (base 15) in base 7?
0
Convert 2 (base 10) to base 4.
2
What is -4 (base 11) in base 9?
-4
Convert 530 (base 7) to base 3.
100212
24 (base 10) to base 13
1b
What is 27 (base 14) in base 6?
55
Convert -2031 (base 5) to base 16.
-10a
Convert -79 (base 10) to base 7.
-142
163 (base 8) to base 13
8b
12200 (base 3) to base 10
153
What is -3 (base 9) in base 6?
-3
What is 32 (base 9) in base 4?
131
Convert 3 (base 16) to base 7.
3
Convert 1011 (base 2) to base 13.
b
Convert b4 (base 12) to base 15.
91
0 (base 4) to base 16
0
Convert -9 (base 11) to base 6.
-13
Convert -20 (base 5) to base 15.
-a
What is 4 (base 11) in base 14?
4
Convert 5b (base 14) to base 11.
74
Convert -2 (base 16) to base 5.
-2
1 (base 8) to base 14
1
Convert 8 (base 11) to base 5.
13
What is 0 (base 4) in base 16?
0
What is -1 (base 10) in base 6?
-1
-2 (base 9) to base 13
-2
Convert 8 (base 16) to base 2.
1000
What is 1 (base 13) in base 8?
1
What is -69 (base 16) in base 3?
-10220
What is 101 (base 4) in base 8?
21
Convert -91 (base 15) to base 4.
-2020
Convert -12 (base 5) to base 11.
-7
Convert 3 (base 13) to base 10.
3
-35 (base 8) to base 16
-1d
Convert 210 (base 4) to base 7.
51
What is -3 (base 9) in base 6?
-3
Convert 22 (base 4) to base 3.
101
Convert 0 (base 14) to base 16.
0
What is -29 (base 14) in base 7?
-52
Convert 1 (base 6) to base 16.
1
23 (base 13) to base 5
104
-30 (base 9) to base 16
-1b
What is 4 (base 15) in base 16?
4
Convert -31 (base 15) to base 3.
-1201
What is -3202 (base 4) in base 10?
-226
102 (base 4) to base 10
18
Convert 1310 (base 6) to base 15.
170
Convert 0 (base 16) to base 13.
0
Convert -2 (base 8) to base 4.
-2
Convert -1 (base 6) to base 7.
-1
4 (base 13) to base 4
10
What is -243 (base 6) in base 11?
-90
Convert -150 (base 7) to base 13.
-66
What is -46 (base 9) in base 5?
-132
What is 4 (base 8) in base 10?
4
32 (base 6) to base 10
20
Convert 201 (base 9) to base 13.
c7
What is 23 (base 4) in base 7?
14
What is 1 (base 3) in base 13?
1
What is -10b (base 13) in base 8?
-264
Convert -47 (base 11) to base 5.
-201
What is -b (base 12) in base 14?
-b
-4 (base 14) to base 15
-4
Convert -2 (base 3) to base 5.
-2
42 (base 8) to base 16
22
1 (base 8) to base 2
1
21 (base 4) to base 13
9
Convert 33 (base 10) to base 9.
36
-14b (base 16) to base 9
-407
Convert -2 (base 5) to base 10.
-2
What is -2 (base 3) in base 8?
-2
Convert -1 (base 5) to base 9.
-1
Convert 1 (base 16) to base 2.
1
What is 300 (base 6) in base 4?
1230
1 (base 9) to base 13
1
-6 (base 7) to base 10
-6
81 (base 11) to base 15
5e
What is 56 (base 8) in base 9?
51
Convert -21 (base 10) to base 12.
-19
What is -1 (base 4) in base 8?
-1
1 (base 4) to base 7
1
9 (base 11) to base 7
12
What is 76 (base 11) in base 8?
123
What is 4 (base 6) in base 3?
11
Convert -4 (base 11) to base 7.
-4
-132 (base 4) to base 13
-24
2 (base 11) to base 10
2
What is -30 (base 4) in base 10?
-12
What is 21 (base 5) in base 6?
15
-414 (base 7) to base 8
-317
What is -220 (base 3) in base 4?
-120
2102 (base 3) to base 15
45
What is 35 (base 16) in base 11?
49
-159 (base 15) to base 14
-181
300 (base 12) to base 7
1155
Convert -2 (base 12) to base 9.
-2
Convert 24 (base 13) to base 8.
36
What is 2 (base 8) in base 11?
2
-2102 (base 4) to base 16
-92
What is -424 (base 6) in base 16?
-a0
0 (base 12) to base 6
0
-50 (base 6) to base 5
-110
Convert 10 (base 6) to base 4.
12
-5 (base 13) to base 14
-5
What is 17a (base 13) in base 6?
1130
-3 (base 15) to base 7
-3
Convert -233 (base 4) to base 10.
-47
-80 (base 13) to base 7
-206
What is -35 (base 7) in base 8?
-32
-224 (base 7) to base 16
-74
What is -54 (base 15) in base 8?
-117
What is 0 (base 2) in base 10?
0
Convert 20 (base 3) to base 11.
6
-27 (base 10) to base 12
-23
What is 100 (base 2) in base 12?
4
What is -2 (base 3) in base 5?
-2
Convert 14 (base 5) to base 4.
21
What is 9 (base 11) in base 3?
100
Convert -100110011 (base 2) to base 9.
-371
Convert b (base 14) to base 7.
14
What is 8 (base 10) in base 6?
12
0 (base 13) to base 11
0
Convert 1 (base 8) to base 7.
1
Convert 110 (base 2) to base 13.
6
What is 7 (base 11) in base 16?
7
What is 0 (base 9) in base 10?
0
What is -2 (base 6) in base 3?
-2
Convert 2 (base 14) to base 5.
2
Convert 2 (base 8) to base 13.
2
What is 1100 (base 2) in base 6?
20
Convert 1010 (base 3) to base 13.
24
-6 (base 11) to base 16
-6
11 (base 2) to base 11
3
What is -16 (base 15) in base 5?
-41
Convert -1001 (base 2) to base 14.
-9
-3a (base 11) to base 14
-31
Convert -102 (base 3) to base 2.
-1011
-a (base 12) to base 16
-a
100 (base 2) to base 11
4
-3 (base 5) to base 6
-3
Convert -11 (base 2) to base 9.
-3
What is -110 (base 2) in base 4?
-12
-1 (base 16) to base 15
-1
Convert 4 (base 7) to base 5.
4
What is -323 (base 6) in base 16?
-7b
Convert -56 (base 10) to base 9.
-62
Convert -9 (base 10) to base 15.
-9
Convert 0 (base 2) to base 3.
0
-10001001 (base 2) to base 11
-115
What is -304 (base 7) in base 16?
-97
What is 9 (base 11) in base 16?
9
Convert -10 (base 3) to base 6.
-3
What is 1 (base 14) in base 11?
1
Convert 230 (base 7) to base 11.
a9
Convert -1 (base 3) to base 15.
-1
163 (base 15) to base 14
18a
Convert 2 (base 9) to base 5.
2
9 (base 10) to base 4
21
-10 (base 4) to base 13
-4
-1 (base 4) to base 2
-1
What is 14 (base 15) in base 2?
10011
What is 3 (base 12) in base 5?
3
What is -340 (base 6) in base 9?
-156
Convert -4 (base 14) to base 4.
-10
6 (base 9) to base 16
6
1a5 (base 12) to base 7
533
1110 (base 2) to base 13
11
Convert -1 (base 8) to base 13.
-1
13 (base 7) to base 5
20
-1 (base 3) to base 14
-1
Convert -15 (base 16) to base 15.
-16
2021 (base 3) to base 9
67
10101 (base 2) to base 3
210
Convert -157 (base 13) to base 5.
-1431
-40 (base 16) to base 11
-59
What is -2 (base 5) in base 6?
-2
-10 (base 7) to base 2
-111
Convert -30 (base 5) to base 15.
-10
Convert d0 (base 14) to base 12.
132
5 (base 16) to base 6
5
Convert 0 (base 6) to base 7.
0
-2 (base 5) to base 8
-2
Convert -5 (base 6) to base 12.
-5
What is 24 (base 7) in base 16?
12
What is 0 (base 15) in base 7?
0
What is 133 (base 8) in base 11?
83
6 (base 15) to base 7
6
What is 86 (base 15) in base 10?
126
101 (base 3) to base 2
1010
Convert 15 (base 7) to base 2.
1100
Convert 30 (base 16) to base 2.
110000
Convert 27 (base 11) to base 5.
104
Convert 1 (base 16) to base 8.
1
170 (base 9) to base 10
144
Convert 0 (base 6) to base 15.
0
Convert -202 (base 3) to base 14.
-16
-31 (base 4) to base 6
-21
What is 3a (base 14) in base 6?
124
What is 6 (base 7) in base 3?
20
Convert -202 (base 3) to base 10.
-20
What is -5 (base 11) in base 12?
-5
Convert 37 (base 16) to base 12.
47
-1a (base 12) to base 6
-34
What is -3 (base 16) in base 5?
-3
What is -1 (base 9) in base 4?
-1
What is 1001 (base 2) in base 4?
21
Convert -8 (base 11) to base 16.
-8
What is -17b (base 15) in base 5?
-2331
Convert 0 (base 8) to base 4.
0
-40 (base 14) to base 16
-38
What is -4 (base 5) in base 3?
-11
What is 10 (base 2) in base 8?
2
C